 -16, 5*c + k - 2*k - 24 = 0. Calculate the remainder when 5 is divided by c.
1
What is the remainder when 354/10 - 20/50 is divided by 9?
8
Let l be 28 - 7/((-7)/(-2)). Suppose 115 = 5*b - 5*v, 6*v = b + 2*v - l. Calculate the remainder when b is divided by 12.
10
Let w(d) = -d**3 - 2*d**2 - 2*d - 3. Let y be w(-2). Suppose -2*v - 3 = y. Calculate the remainder when (v/(-3))/(4/30) is divided by 3.
2
Let t be (6/8)/(9/24). Suppose 0 = 5*c + 4*i - 3*i + 4, -2*c = -i - 4. Suppose -b = c, t*b + b = 5*q - 35. Calculate the remainder when q is divided by 4.
3
Let t(d) be the second derivative of 7*d**4/12 - 2*d**3/3 - d**2/2 - 6*d. Calculate the remainder when t(3) is divided by 13.
11
Let b = 11 - 17. Let u = b - -8. Suppose u = q - 13. Calculate the remainder when 43 is divided by q.
13
Let k = -3 - -52. Let o be (-6)/4*(-68)/6. Calculate the remainder when k is divided by (o - (-4)/2) + -2.
15
Let r be 2/(2 - (-48)/(-27)). Suppose 3*j - 4*s + r*s = 32, 0 = -2*s - 4. Calculate the remainder when 54 is divided by j.
12
Let y = 9 + -16. Let o = y + 19. What is the remainder when 35 is divided by o?
11
Let c be (-1*1)/((-5)/(-45)). Let m = c - -30. Calculate the remainder when (-2)/6 + (-124)/(-3) is divided by m.
20
Let k be (-48)/(-22) + (-4)/22. Let b(m) = -2*m. Let v be b(k). Calculate the remainder when 354/15 - v/10 is divided by 9.
6
Let b = -361 + 623. Calculate the remainder when b is divided by 12.
10
Let c = -14 - -33. Calculate the remainder when c - (1 - 0 - -1) is divided by -3 + 7/((-28)/(-48)).
8
Let l be 588/(-30) - 2/5. Let j = 29 - l. What is the remainder when j is divided by 17?
15
Let i(k) = 10*k - 1. Let r be i(3). Suppose 5*s = 4*p + 275, r + 197 = 4*s - 2*p. Calculate the remainder when s is divided by 20.
19
Let m = 7 + 7. What is the remainder when 54 is divided by m?
12
Suppose -10 - 3 = -t. What is the remainder when t is divided by 7?
6
Let t = 82 + -61. Calculate the remainder when 83 is divided by t.
20
Let p(n) = 3*n**2 + 2*n - 1. Let i be p(-4). Suppose -i = -2*m - m. What is the remainder when m is divided by 7?
6
Let o = 94 + -66. What is the remainder when o is divided by 5?
3
Let y(v) = -v + 10. Suppose -4*k + 4 = 2*r, 3*k + 3*r - 14 = 7*r. Calculate the remainder when y(-4) is divided by (4*1)/(1/k).
6
Suppose 2*u = -3*u + 30. What is the remainder when u is divided by 2?
0
Calculate the remainder when (-1)/(-18*(-3)/57 - 1) is divided by 10.
9
Suppose -3*u - 5*y + 25 = -10, u = -5*y - 5. Let g(x) = -x**3 + 8*x**2 - 8*x + 8. Let i be g(7). Let q = i + 10. Calculate the remainder when u is divided by q.
9
Let j be 2/6 + 55/15. Suppose -y - 5*n + 12 = 0, -y - 1 = -4*n - j. What is the remainder when 19 is divided by y?
5
Suppose 6 = 3*d - 36. What is the remainder when d is divided by 8?
6
What is the remainder when 1/(-2 - (-147)/72) is divided by 13?
11
Suppose -5*b + 2*b = -18. Let z = b + -3. Calculate the remainder when 9 is divided by z.
0
What is the remainder when (5 - 2)/(3/56) is divided by 6?
2
Let k(z) = -13*z - 7. What is the remainder when k(-3) is divided by 11?
10
Suppose 4*w + 7 = -9. Suppose 77 = 4*y - 111. Calculate the remainder when y is divided by (1 + 15)*(-3 - w).
15
Let z(i) = 4*i**2 + i - 1. Suppose -190 = 2*y - 7*y. Calculate the remainder when y is divided by z(-2).
12
Calculate the remainder when (-8*1)/(-4)*2 is divided by 2.
0
Let h be 5/(-2) - (-3)/6. Calculate the remainder when (-3 - h)/1 - -22 is divided by 12.
9
Let r = -23 - -27. Suppose -3*f + 1 + 7 = r*d, 18 = 2*d - 2*f. Calculate the remainder when 11 is divided by d.
1
Suppose 3*n + 2*n = -10. What is the remainder when 53 is divided by 15 - ((n - 0) + 3)?
11
Let s(z) = -13*z - 4. What is the remainder when s(-3) is divided by 1230/105 - (-2)/7?
11
Let y(z) = 12*z**2. Let t = -3 + 0. What is the remainder when t/(-6) + (-129)/(-6) is divided by y(1)?
10
Calculate the remainder when (4/10)/(16/920) is divided by 12.
11
Suppose -2*a - 4*j + 295 + 101 = 0, -4*a = j - 820. Calculate the remainder when a is divided by 52.
50
Suppose 0 = 5*r - 9*r + 72. Calculate the remainder when 51 is divided by r.
15
Let r(t) = 8*t - 4. Calculate the remainder when r(3) is divided by 11.
9
Let x be (-18)/24 - 286/(-8). Suppose -x - 55 = -5*c. What is the remainder when 52 is divided by c?
16
Let z(j) = -2*j + 4. Calculate the remainder when 65 is divided by z(-9).
21
Suppose -3*c - 4*v + 3 = -2, 0 = 2*v + 8. Let d = 10 + 1. Calculate the remainder when d is divided by c.
4
Suppose 4*g + g = 135. Suppose 4*x - g = 289. Let s = x - 54. What is the remainder when s is divided by 9?
7
Let u = 1 - -2. Calculate the remainder when (-1 - -1)/u - -35 is divided by 12.
11
Suppose -2*m + 9 = -9. Let a be (-2 + 0 + -11)/(-1). Suppose -7 - a = -4*g. Calculate the remainder when m is divided by g.
4
Let v be 1/5 - (-895)/25. Suppose -3*j + o + v = 0, -2*j + j - o + 16 = 0. What is the remainder when 51 is divided by j?
12
What is the remainder when 63 is divided by 2/3 - (-1152)/54?
19
Let k = 199 - 98. What is the remainder when k is divided by 17?
16
Calculate the remainder when 30 is divided by -12*2*2/(-6).
6
Let h(x) = -x - 3. Let l be h(-6). Suppose -l*o = o - 60. Let z = 30 - 2. What is the remainder when z is divided by o?
13
Calculate the remainder when 50 is divided by (-1)/(1/(-13))*1.
11
Suppose 0*c + 12 = 2*c. Suppose -3*a + 2*a + 6 = 0. What is the remainder when c is divided by (8/a)/((-2)/(-6))?
2
Let t(l) = l**3 + 11*l**2 - 15*l + 5. Calculate the remainder when t(-11) is divided by 43.
41
Suppose -2*v + 10 = -0*v. Calculate the remainder when 1 + -2 + 8*(-20)/(-8) is divided by v.
4
Let m(k) be the third derivative of k**4/24 + 3*k**3/2 + 4*k**2. What is the remainder when m(-5) is divided by 3?
1
Let j(c) = -15*c**3 - c**2 - c - 2. Calculate the remainder when j(-1) is divided by 8.
5
Calculate the remainder when 0 + 22 + (-1 - (7 - 4)) is divided by 5.
3
Let v(m) = -m**3 + 6*m**2 + 8*m. Let a = 22 - 15. Let c = -2 - -5. What is the remainder when v(a) is divided by c?
1
Suppose s = 3*x - 2*s - 9, 5*s = -5*x + 65. Let f = -26 - -12. Let r = -9 - f. Calculate the remainder when x is divided by r.
3
Let j = 9 - -1. Suppose w + q = j, 0 = w - q + 3*q - 5. Calculate the remainder when 43 is divided by w.
13
Suppose s - 2*m + m = 8, 2*s - 5*m - 1 = 0. Calculate the remainder when 36 is divided by s.
10
Suppose -12*d + 360 = -60. Calculate the remainder when 77 is divided by d.
7
Suppose 779 = 5*a + 194. What is the remainder when a is divided by 40?
37
Suppose 4*h - 73 = -5*s, -5*s - 4*h = h - 70. Suppose 2*d + 2*d - 144 = 4*a, -144 = -5*d - 4*a. Calculate the remainder when d is divided by s.
15
Let h = 12 + 3. Let u(q) = 2*q**3 - 2*q**2 - 5*q + 7. What is the remainder when u(3) is divided by h?
13
Let g(j) = -j**3 + 6*j**2 - 2*j - 2. Calculate the remainder when -1 + (-4*25)/(-5) is divided by g(2).
9
Suppose 7*n = 4*n + 5*z + 4, -n + 8 = 5*z. Suppose n*c - 42 - 78 = 0. What is the remainder when 31 is divided by c*(2 + (-24)/15)?
15
Let q(v) = -14*v - 1. Let d(s) = 13*s + 1. Let r(c) = 6*d(c) + 5*q(c). Calculate the remainder when 17 is divided by r(1).
8
Let a be (24/(-10))/((-4)/190). Suppose 5*r + a = 424. Suppose 14*z - 189 = 5*z. What is the remainder when r is divided by z?
20
Let s = -24 - -31. Calculate the remainder when 15 is divided by s.
1
Suppose -2*j = 3*j - 170. Let d = -21 + j. What is the remainder when 36 is divided by d?
10
Let i(n) = -2*n - 10. Suppose -8*g - 5 = -4*g + 3*t, 5*t + 17 = 2*g. Calculate the remainder when i(-6) is divided by g.
0
Let k = 1 + -1. Suppose -2*b + 7 - 1 = k. Let u = 10 + b. Calculate the remainder when 38 is divided by u.
12
Suppose 4*m = -m - 70. Suppose 2*s - 42 = -3*i + s, -4*s - 1 = -i. What is the remainder when 4/m + 268/7 is divided by i?
12
Suppose 4 = 2*y - 20. Let a be (8/12)/((-2)/6). Calculate the remainder when (14/6)/(a/(-30)) is divided by y.
11
Suppose u + 270 = 7*u. Calculate the remainder when u is divided by 24.
21
Suppose 2*m = 5*m - 192. Suppose 2*v = -10, 4*i + 5*v = 7 + 56. Calculate the remainder when m is divided by i.
20
Let r be 4/18 + 4/(-18). Suppose r*x + 2*x - 22 = 0. Let p(b) = -10*b + 1. Calculate the remainder when p(-2) is divided by x.
10
Suppose 2*